{"id":22870,"date":"2024-06-12T00:03:14","date_gmt":"2024-06-11T21:03:14","guid":{"rendered":"http:\/\/canercelebi.com\/ProAsist\/?page_id=22870"},"modified":"2025-07-22T13:07:39","modified_gmt":"2025-07-22T10:07:39","slug":"vaadlerimiz","status":"publish","type":"page","link":"https:\/\/proasist.com.tr\/?page_id=22870","title":{"rendered":"Vaadlerimiz"},"content":{"rendered":"<section class=\"wpb-content-wrapper\"><section data-vc-full-width=\"true\" data-vc-full-width-init=\"false\" data-vc-stretch-content=\"true\" data-parallax-background-ratio=\"0.5\" class=\"vc_row wpb_row vc_row-fluid  vc_custom_1730725198574 vc_row-has-fill pofo-stretch-content parallax pofo-row-responsive-6a07116b1c861\"><div class=\"bg-extra-dark-gray bg-overlay\" style=\"opacity:0.7; background-color:rgba(0,0,0,0.47); \"><\/div><div class=\"wpb_column vc_column_container full-screen vc_col-sm-12 vc_col-lg-12 vc_col-md-7 vc_hidden-sm col-xs-mobile-fullwidth text-center\"><div class=\"vc_column-inner \"><div class=\"wpb_wrapper\"><h6 class=\"text-extra-dark-gray margin-20px-bottom font-weight-600 display-inline-block alt-font dynamic-font-size text-none heading-style2  vc_custom_1718139825863 pofo-button-responsive-6a07116b1ca18  heading-1\"  style=\"font-weight: 400; font-style: italic; color: #ffffff;\">S\u00f6z\u00fcm\u00fcz\u00fcn arkas\u0131nday\u0131z<\/h6>[vc_empty_space height=&#8221;5px&#8221;]<h1 class=\"text-extra-dark-gray margin-20px-bottom font-weight-600 display-inline-block alt-font dynamic-font-size text-none heading-style2 pofo-button-responsive-6a07116b1ca77  heading-2\"  style=\"font-weight: 700; color: #ffffff;\">Vaadlerimiz<\/h1><\/div><\/div><\/div><\/section><div class=\"vc_row-full-width vc_clearfix\"><\/div><section class=\"vc_row wpb_row vc_row-fluid   wow fadeIn\"><div class=\"wpb_column vc_column_container vc_col-sm-1 vc_col-lg-2 vc_col-md-2 vc_hidden-xs col-xs-mobile-fullwidth\"><div class=\"vc_column-inner \"><div class=\"wpb_wrapper\"><\/div><\/div><\/div><div class=\"wpb_column vc_column_container vc_col-sm-10 vc_col-lg-8 vc_col-md-8 vc_col-xs-12 text-center\"><div class=\"vc_column-inner \"><div class=\"wpb_wrapper\"><div class=\"testimonial-3 testimonial-style-3\"><i class=\"fa-solid fa-quote-left icon-small text-deep-pink display-block margin-25px-bottom \"><\/i><h5 class=\"alt-font text-extra-dark-gray font-weight-300\"><strong>&#8220;Ya\u015fayan \u015eirket&#8221;<\/strong>\u00a0demek&#8230; i\u015f demek, emek demek, \u00fcretim, verimlilik, s\u00fcrd\u00fcr\u00fclebilirlik, i\u015fbirlikleri, kazan\u00e7 ve birlikte geli\u015fim demek&#8230;<\/h5><\/div><\/div><\/div><\/div><div class=\"wpb_column vc_column_container vc_col-sm-1 vc_col-lg-2 vc_col-md-2 vc_hidden-xs col-xs-mobile-fullwidth\"><div class=\"vc_column-inner \"><div class=\"wpb_wrapper\"><\/div><\/div><\/div><\/section><section data-vc-full-width=\"true\" data-vc-full-width-init=\"false\" data-vc-stretch-content=\"true\" class=\"vc_row wpb_row vc_row-fluid  vc_custom_1718140219238 wow fadeIn vc_row-has-fill pofo-stretch-content vc_row-o-equal-height vc_row-o-content-middle vc_row-flex\"><div class=\"wpb_column vc_column_container vc_col-sm-6 vc_col-lg-6 vc_col-md-6 vc_col-xs-12 wow fadeInLeft pofo-column-responsive-6a07116b1cdc2\"><div class=\"vc_column-inner cover-background bg-position-center-center \"><div class=\"wpb_wrapper\"><div class=\" vc_custom_1718140685717 last-paragraph-no-margin\" style=\"color: #000000;\"><h4 class=\"alt-font font-weight-600 sm-margin-lr-auto xs-width-100\">\u015eirketin teknik altyap\u0131s\u0131n\u0131 s\u00fcrekli g\u00fc\u00e7lendirerek i\u015fin verimlili\u011fini ve s\u00fcrd\u00fcr\u00fclebilirli\u011fini sa\u011flamak.<\/h4>\n<p class=\"width-100 md-width-100\">ProAsist olarak, \u015firketlerin sa\u011flam bir teknik altyap\u0131ya sahip olmalar\u0131n\u0131n, i\u015fin s\u00fcrd\u00fcr\u00fclebilirli\u011fi ve verimlili\u011fi a\u00e7\u0131s\u0131ndan ne kadar \u00f6nemli ve de\u011ferli oldu\u011funu \u00e7ok iyi biliyoruz.<\/p>\n<p>T\u0131pk\u0131 insanlar gibi \u015firketlerin de d\u00f6nem d\u00f6nem ba\u011f\u0131\u015f\u0131kl\u0131k sistemleri zay\u0131flar ve ya\u015famlar\u0131na sa\u011fl\u0131kl\u0131 \u015fekilde devam edebilmeleri i\u00e7in bazen ufak tefek, bazen daha b\u00fcy\u00fck m\u00fcdahelelere ihtiya\u00e7 duyarlar.<\/p>\n<p>Sundu\u011fumuz onlarca elektrik, mekanik, in\u015fai hizmetle, m\u00fc\u015fterilerimizin binlerce teknik sorununu \u00e7\u00f6zerek, \u015firketlerinin ba\u011f\u0131\u015f\u0131kl\u0131k sistemlerini g\u00fc\u00e7lendiriyor ve d\u00fczenli i\u015f ak\u0131\u015flar\u0131n\u0131 sa\u011fl\u0131yoruz.<\/p>\n<\/div><\/div><\/div><\/div><div class=\"wpb_column vc_column_container vc_col-sm-6 vc_col-lg-6 vc_col-md-6 vc_col-xs-12 wow fadeInRight pofo-column-responsive-6a07116b1cf4c\"><div class=\"vc_column-inner vc_custom_1507628985498\"><div class=\"wpb_wrapper\">[vc_single_image image=&#8221;22874&#8243; img_size=&#8221;full&#8221; alignment=&#8221;right&#8221; css=&#8221;.vc_custom_1718140672560{padding-right: 0px !important;}&#8221;]<\/div><\/div><\/div><\/section><div class=\"vc_row-full-width vc_clearfix\"><\/div><section data-vc-full-width=\"true\" data-vc-full-width-init=\"false\" data-vc-stretch-content=\"true\" class=\"vc_row wpb_row vc_row-fluid  vc_custom_1712278024392 wow fadeIn vc_row-has-fill pofo-stretch-content vc_row-o-equal-height vc_row-o-content-middle vc_row-flex\"><div class=\"wpb_column vc_column_container vc_col-sm-6 vc_col-lg-6 vc_col-md-6 vc_col-xs-12 wow fadeInLeft pofo-column-responsive-6a07116b1d0bf\"><div class=\"vc_column-inner cover-background bg-position-center-center \"><div class=\"wpb_wrapper\">[vc_single_image image=&#8221;22880&#8243; img_size=&#8221;full&#8221;]<\/div><\/div><\/div><div class=\"wpb_column vc_column_container vc_col-sm-6 vc_col-lg-6 vc_col-md-6 vc_col-xs-12 wow fadeInRight pofo-column-responsive-6a07116b1d136\"><div class=\"vc_column-inner vc_custom_1507628985498\"><div class=\"wpb_wrapper\"><div class=\"last-paragraph-no-margin\" style=\"color: #ffffff;\"><h4 class=\"alt-font text-light-gray\"><img loading=\"lazy\" decoding=\"async\" class=\"alignnone size-full wp-image-24120\" src=\"http:\/\/proasist.com.tr\/wp-content\/uploads\/2025\/07\/OG_CozumPlatformu_renkl.png\" alt=\"\" width=\"215\" height=\"70\" srcset=\"https:\/\/proasist.com.tr\/wp-content\/uploads\/2025\/07\/OG_CozumPlatformu_renkl.png 215w, https:\/\/proasist.com.tr\/wp-content\/uploads\/2025\/07\/OG_CozumPlatformu_renkl-120x39.png 120w, https:\/\/proasist.com.tr\/wp-content\/uploads\/2025\/07\/OG_CozumPlatformu_renkl-81x26.png 81w\" sizes=\"auto, (max-width: 215px) 100vw, 215px\" \/><\/h4>\n<h4 class=\"alt-font text-light-gray\">&#8220;Omega Grup \u00c7\u00f6z\u00fcm Platformu&#8221; ile \u00e7ok y\u00f6nl\u00fc \u00e7\u00f6z\u00fcmler \u00fcreterek t\u00fcm payda\u015flar\u0131n birlikte kazanmas\u0131na imkan sa\u011flamak.<\/h4>\n<p class=\"width-100 md-width-100 xs-width-100 text-white\">M\u00fc\u015fterilerimizin, ihtiya\u00e7 an\u0131nda, en h\u0131zl\u0131 \u00e7\u00f6z\u00fcmleri, en uygun ko\u015fullarda ve en y\u00fcksek kalitede hizmet ile beklediklerini \u00e7ok iyi biliyoruz.<\/p>\n<p>ProAsist olarak y\u0131llard\u0131r, sadece teknik hizmet portf\u00f6y\u00fcm\u00fcz\u00fc s\u00fcrekli zenginle\u015ftirmiyoruz, ayn\u0131 zamanda, t\u00fcm m\u00fc\u015fterilerimizin ve sekt\u00f6r\u00fcn farkl\u0131 ihtiya\u00e7lar\u0131n\u0131 da \u00f6ng\u00f6rerek stratejik i\u015fbirlikleri geli\u015ftiriyoruz.<\/p>\n<p>Bu do\u011frultuda yaratt\u0131\u011f\u0131m\u0131z, ticaret oldu\u011fu kadar bilgi ak\u0131\u015f\u0131, e\u011fitim ve dayan\u0131\u015fmaya dayal\u0131, &#8220;Omega Grup \u00c7\u00f6z\u00fcm Platformu&#8221; ile t\u00fcm m\u00fc\u015fteri ve \u00e7\u00f6z\u00fcm ortaklar\u0131m\u0131z\u0131, \u00fcretici ve distribut\u00f6rlerle bulu\u015fturuyor, kimin neye ihtiyac\u0131 varsa, birlikte \u00e7ok y\u00f6nl\u00fc hizmet \u00e7\u00f6z\u00fcmleri \u00fcreterek, t\u00fcm payda\u015flar\u0131n birlikte kazanmas\u0131na imkan yarat\u0131yoruz.<\/p>\n<\/div><a  href=\"https:\/\/cozumplatformu.proasist.com.tr\/\" target=\"_blank\" class=\"btn pofo-button-1 button-style1  btn-dark-gray  btn-small \" >ProAsist \u00c7\u00f6z\u00fcm Platformu<\/a><\/div><\/div><\/div><\/section><div class=\"vc_row-full-width vc_clearfix\"><\/div><section data-vc-full-width=\"true\" data-vc-full-width-init=\"false\" data-vc-stretch-content=\"true\" class=\"vc_row wpb_row vc_row-fluid  vc_custom_1718140802695 wow fadeIn vc_row-has-fill pofo-stretch-content vc_row-o-equal-height vc_row-o-content-middle vc_row-flex\"><div class=\"wpb_column vc_column_container vc_col-sm-6 vc_col-lg-6 vc_col-md-6 vc_col-xs-12 wow fadeInLeft pofo-column-responsive-6a07116b1d360\"><div class=\"vc_column-inner cover-background bg-position-center-center \"><div class=\"wpb_wrapper\"><div class=\"last-paragraph-no-margin\" style=\"color: #000000;\"><h4 class=\"alt-font text-white\"><img decoding=\"async\" src=\"https:\/\/proasist.com.tr\/data\/proasist2019\/upload_musterifaydalari\/PSS-logo.png\" data-no-retina=\"\" \/><\/h4>\n<h4 class=\"alt-font text-extra-dark-gray font-weight-600 sm-margin-lr-auto xs-width-100\">&#8220;ProAsist Smart Screen&#8221; ile i\u015fin etkin bir bi\u00e7imde y\u00f6netimini sa\u011flamak.<\/h4>\n<p class=\"width-100 md-width-100\">Her g\u00fcn, T\u00fcrkiye&#8217;nin d\u00f6rt bir yan\u0131ndan gelen ve \u00e7\u00f6z\u00fcm bekleyen binlerce kalem teknik i\u015f ve sorun. Elektrik ar\u0131zalar\u0131, mekanik problemler, yeni ma\u011faza in\u015faatlar\u0131, klima bak\u0131mlar\u0131, farkl\u0131 marka ve ya\u015fta \u00fcr\u00fcnler, tamamlanan, geciken, yeniden s\u0131k\u0131nt\u0131 \u00e7\u0131karan i\u015fler, onlarca ekip, harcanan milyonlarca lira, yasal denetimler ve her kuru\u015fun hesab\u0131n\u0131n verilmesi&#8230;<\/p>\n<p>M\u00fc\u015fterilerimizin, bu kontrol\u00fc ve takibi zor, \u00e7etrefilli s\u00fcreci ba\u015far\u0131 ile y\u00f6neterek \u015firketlerine \u00f6nemli bir katk\u0131 sunmak istediklerini \u00e7ok iyi biliyoruz.<\/p>\n<p>M\u00fc\u015fterilerimizin, T\u00fcrkiye&#8217;nin en \u00e7a\u011fda\u015f entegre y\u00f6netim sistemlerinden ProAsist Smart Screen ile s\u00fcrecin tamam\u0131n\u0131 7\/24 izlemelerini, binlerce i\u015fi, \u015firket varl\u0131klar\u0131n\u0131, i\u015fletmelerini ve b\u00fct\u00e7elerini etkin bir \u015fekilde y\u00f6netmelerini sa\u011fl\u0131yor, firmalar\u0131na de\u011fer katmalar\u0131na imkan yarat\u0131yoruz.<\/p>\n<\/div><a  href=\"https:\/\/pss.proasist.com.tr\/\" target=\"_blank\" class=\"btn pofo-button-2 button-style1  btn-dark-gray  btn-small \" >ProAsist Smart Screen<\/a><\/div><\/div><\/div><div class=\"wpb_column vc_column_container vc_col-sm-6 vc_col-lg-6 vc_col-md-6 vc_col-xs-12 wow fadeInRight pofo-column-responsive-6a07116b1d495\"><div class=\"vc_column-inner vc_custom_1507628985498\"><div class=\"wpb_wrapper\">[vc_single_image image=&#8221;22886&#8243; img_size=&#8221;full&#8221;]<\/div><\/div><\/div><\/section><div class=\"vc_row-full-width vc_clearfix\"><\/div><section data-vc-full-width=\"true\" data-vc-full-width-init=\"false\" data-vc-stretch-content=\"true\" class=\"vc_row wpb_row vc_row-fluid  vc_custom_1712278024392 wow fadeIn vc_row-has-fill pofo-stretch-content vc_row-o-equal-height vc_row-o-content-middle vc_row-flex\"><div class=\"wpb_column vc_column_container vc_col-sm-6 vc_col-lg-6 vc_col-md-6 vc_col-xs-12 wow fadeInLeft pofo-column-responsive-6a07116b1d588\"><div class=\"vc_column-inner cover-background bg-position-center-center \"><div class=\"wpb_wrapper\">[vc_single_image image=&#8221;22888&#8243; img_size=&#8221;full&#8221;]<\/div><\/div><\/div><div class=\"wpb_column vc_column_container vc_col-sm-6 vc_col-lg-6 vc_col-md-6 vc_col-xs-12 wow fadeInRight pofo-column-responsive-6a07116b1d5f4\"><div class=\"vc_column-inner vc_custom_1507628985498\"><div class=\"wpb_wrapper\"><div class=\"last-paragraph-no-margin\" style=\"color: #ffffff;\"><h4 class=\"alt-font text-light-gray\"><img loading=\"lazy\" decoding=\"async\" class=\"alignnone size-full wp-image-24121\" src=\"http:\/\/proasist.com.tr\/wp-content\/uploads\/2025\/07\/OG_TeknikAkademi_renkli-1.png\" alt=\"\" width=\"251\" height=\"70\" srcset=\"https:\/\/proasist.com.tr\/wp-content\/uploads\/2025\/07\/OG_TeknikAkademi_renkli-1.png 251w, https:\/\/proasist.com.tr\/wp-content\/uploads\/2025\/07\/OG_TeknikAkademi_renkli-1-120x33.png 120w, https:\/\/proasist.com.tr\/wp-content\/uploads\/2025\/07\/OG_TeknikAkademi_renkli-1-81x23.png 81w\" sizes=\"auto, (max-width: 251px) 100vw, 251px\" \/><\/h4>\n<h4 class=\"alt-font text-light-gray\">Usta ve teknisyenleri e\u011fiterek eme\u011fin de\u011ferini ve hizmetin kalitesini art\u0131rmak.<\/h4>\n<p class=\"width-100 md-width-100 xs-width-100 text-white\">Sekt\u00f6r\u00fcm\u00fcz\u00fcn vazge\u00e7ilmezleri olan usta, teknisyen ve \u00e7\u0131raklara sahip \u00e7\u0131k\u0131yor, onlar\u0131, teknik liselerde a\u00e7t\u0131\u011f\u0131m\u0131z ProAsist s\u0131n\u0131flar\u0131nda d\u00fczenli olarak e\u011fitiyor, yetenek ve uzmanl\u0131klar\u0131n\u0131 art\u0131rmalar\u0131na imkan sa\u011fl\u0131yoruz.<\/p>\n<p>B\u00f6ylelikle, bir yandan m\u00fc\u015fterilerimize sundu\u011fumuz hizmetin kalitesini kalifiye ellerle yukar\u0131 \u00e7ekerken, di\u011fer yandan, t\u00fcm sekt\u00f6r nezdinde el eme\u011finin de\u011ferini art\u0131r\u0131yoruz.<\/p>\n<\/div><a  href=\"https:\/\/teknikakademi.proasist.com.tr\/\" target=\"_blank\" class=\"btn pofo-button-3 button-style1  btn-dark-gray  btn-small \" >ProAsist Teknik Akademi<\/a><\/div><\/div><\/div><\/section><div class=\"vc_row-full-width vc_clearfix\"><\/div>\n<\/section>","protected":false},"excerpt":{"rendered":"S\u00f6z\u00fcm\u00fcz\u00fcn arkas\u0131nday\u0131z[vc_empty_space height=\"5px\"]Vaadlerimiz\"Ya\u015fayan \u015eirket\"\u00a0demek... i\u015f demek, emek demek, \u00fcretim, verimlilik, s\u00fcrd\u00fcr\u00fclebilirlik, i\u015fbirlikleri, kazan\u00e7 ve birlikte geli\u015fim demek...\u015eirketin teknik altyap\u0131s\u0131n\u0131 s\u00fcrekli g\u00fc\u00e7lendirerek i\u015fin verimlili\u011fini ve s\u00fcrd\u00fcr\u00fclebilirli\u011fini sa\u011flamak. ProAsist olarak, \u015firketlerin sa\u011flam bir teknik altyap\u0131ya sahip olmalar\u0131n\u0131n, i\u015fin s\u00fcrd\u00fcr\u00fclebilirli\u011fi ve verimlili\u011fi a\u00e7\u0131s\u0131ndan ne kadar \u00f6nemli ve de\u011ferli oldu\u011funu \u00e7ok iyi biliyoruz. T\u0131pk\u0131 insanlar gibi \u015firketlerin de d\u00f6nem d\u00f6nem ba\u011f\u0131\u015f\u0131kl\u0131k sistemleri zay\u0131flar ve ya\u015famlar\u0131na sa\u011fl\u0131kl\u0131 \u015fekilde devam edebilmeleri i\u00e7in bazen ufak tefek, bazen daha b\u00fcy\u00fck m\u00fcdahelelere ihtiya\u00e7 duyarlar. Sundu\u011fumuz onlarca elektrik, mekanik, in\u015fai hizmetle, m\u00fc\u015fterilerimizin binlerce teknik sorununu \u00e7\u00f6zerek, \u015firketlerinin ba\u011f\u0131\u015f\u0131kl\u0131k sistemlerini g\u00fc\u00e7lendiriyor ve d\u00fczenli i\u015f ak\u0131\u015flar\u0131n\u0131 sa\u011fl\u0131yoruz. [vc_single_image image=\"22874\" img_size=\"full\" alignment=\"right\" css=\".vc_custom_1718140672560{padding-right: 0px !important;}\"][vc_single_image image=\"22880\" img_size=\"full\"] \"Omega Grup \u00c7\u00f6z\u00fcm Platformu\" ile \u00e7ok y\u00f6nl\u00fc \u00e7\u00f6z\u00fcmler \u00fcreterek t\u00fcm payda\u015flar\u0131n birlikte kazanmas\u0131na imkan sa\u011flamak. M\u00fc\u015fterilerimizin, ihtiya\u00e7 an\u0131nda, en h\u0131zl\u0131 \u00e7\u00f6z\u00fcmleri, en uygun ko\u015fullarda ve en y\u00fcksek kalitede hizmet ile beklediklerini \u00e7ok iyi biliyoruz. ProAsist olarak y\u0131llard\u0131r, sadece teknik hizmet portf\u00f6y\u00fcm\u00fcz\u00fc s\u00fcrekli zenginle\u015ftirmiyoruz, ayn\u0131 zamanda, t\u00fcm m\u00fc\u015fterilerimizin ve sekt\u00f6r\u00fcn farkl\u0131 ihtiya\u00e7lar\u0131n\u0131 da \u00f6ng\u00f6rerek stratejik i\u015fbirlikleri geli\u015ftiriyoruz. Bu do\u011frultuda yaratt\u0131\u011f\u0131m\u0131z, ticaret oldu\u011fu kadar bilgi ak\u0131\u015f\u0131, e\u011fitim ve dayan\u0131\u015fmaya dayal\u0131, \"Omega Grup \u00c7\u00f6z\u00fcm Platformu\" ile t\u00fcm m\u00fc\u015fteri ve \u00e7\u00f6z\u00fcm ortaklar\u0131m\u0131z\u0131, \u00fcretici ve distribut\u00f6rlerle bulu\u015fturuyor, kimin neye ihtiyac\u0131 varsa, birlikte \u00e7ok y\u00f6nl\u00fc hizmet \u00e7\u00f6z\u00fcmleri \u00fcreterek, t\u00fcm payda\u015flar\u0131n birlikte kazanmas\u0131na...","protected":false},"author":1,"featured_media":0,"parent":0,"menu_order":0,"comment_status":"closed","ping_status":"closed","template":"","meta":{"footnotes":""},"class_list":["post-22870","page","type-page","status-publish","hentry"],"aioseo_notices":[],"_links":{"self":[{"href":"https:\/\/proasist.com.tr\/index.php?rest_route=\/wp\/v2\/pages\/22870","targetHints":{"allow":["GET"]}}],"collection":[{"href":"https:\/\/proasist.com.tr\/index.php?rest_route=\/wp\/v2\/pages"}],"about":[{"href":"https:\/\/proasist.com.tr\/index.php?rest_route=\/wp\/v2\/types\/page"}],"author":[{"embeddable":true,"href":"https:\/\/proasist.com.tr\/index.php?rest_route=\/wp\/v2\/users\/1"}],"replies":[{"embeddable":true,"href":"https:\/\/proasist.com.tr\/index.php?rest_route=%2Fwp%2Fv2%2Fcomments&post=22870"}],"version-history":[{"count":19,"href":"https:\/\/proasist.com.tr\/index.php?rest_route=\/wp\/v2\/pages\/22870\/revisions"}],"predecessor-version":[{"id":22873,"href":"https:\/\/proasist.com.tr\/index.php?rest_route=\/wp\/v2\/pages\/22870\/revisions\/22873"}],"wp:attachment":[{"href":"https:\/\/proasist.com.tr\/index.php?rest_route=%2Fwp%2Fv2%2Fmedia&parent=22870"}],"curies":[{"name":"wp","href":"https:\/\/api.w.org\/{rel}","templated":true}]}}